 3
-4
What is 4 + -1 + (-2 - 0) + 4?
5
What is the value of 0 + -1 - (0 + 0)?
-1
Calculate -9 - (3 + -4 - (3 + 0)).
-5
What is 1 + -3 + 0 - (19 + -23)?
2
What is the value of -3 + -2 + 6 + 2 + -2?
1
What is the value of (-9 - -16) + -9 + -1?
-3
What is the value of -2 - 0 - (-7 + 10)?
-5
What is the value of 0 - ((0 - 2) + 0)?
2
Calculate -4 + 4 + 9 + -4.
5
Calculate (-4 - 0) + -34 + 33.
-5
What is -5 + -1 - (-64 - -61)?
-3
Evaluate (-3 - 0) + -13 + 11.
-5
What is 14 - ((1 - -6) + -1)?
8
Calculate -10 + 7 + (2 - 1).
-2
Evaluate (-2 - (-7 - 7)) + (1 - 10).
3
What is the value of 0 + 3 + (-11 - -6) + 9?
7
What is (0 - 4) + -3 + 6?
-1
6 - 0 - (-33 - -41)
-2
-1 + (-3 - -2) + (5 - 3)
0
Calculate (6 - 3) + (8 - 10).
1
Calculate -5 - ((4 - 4) + -3).
-2
Evaluate (3 - 3) + (-1 - -6) + 2.
7
What is the value of 4 - (-7 + 7) - 5?
-1
Calculate -6 + (5 - -1) + (2 - 5).
-3
Calculate -4 - (0 - 7 - 2) - 1.
4
What is -3 - ((1 - 3) + -5 + 5)?
-1
7 - (1 - (1 + -3))
4
What is 2 - (0 + 5 + 5 + -4)?
-4
What is 18 - (-6 - -15) - 4?
5
-2 + (7 - -1) + -6
0
1 + 2 + 1 + (3 - 2)
5
Calculate 6 + (-1 - (2 - -1)).
2
10 + (-13 - 1) - -8
4
What is the value of -1 + 3 + -3 + 5 + -3?
1
-3 + 2 + (-1 - -1)
-1
6 - 2 - (40 - 34)
-2
(-15 + 11 - -6) + (0 - 1)
1
What is 1 - (0 + (-1 - 1))?
3
What is the value of -1 - (1 + 6 - 6)?
-2
Calculate 13 + (1 - (-1 + -3) - 11).
7
What is (21 - 18 - (-2 + 1)) + -2?
2
Calculate -5 + -1 + 3 - 2 - 2.
-7
3 - (-1 + 2 + 1)
1
Calculate 9 + (6 - 5) + -5.
5
Evaluate -4 + 0 + 0 - 1.
-5
What is the value of (0 - 4) + -4 - -3?
-5
(-11 - -1) + 4 - (-13 + 0)
7
What is 3 - (17 - 6) - (-5 + 6)?
-9
-3 - 8 - (6 - 8 - 6)
-3
What is the value of 7 + 1 - 10 - 3?
-5
What is the value of 16 - 13 - (1 - (-1 + 0))?
1
-16 + (11 - -11) - (-1 + 12)
-5
What is 7 - (6 + (-2 - -2))?
1
Calculate 9 - ((0 - -2) + 6).
1
Calculate (4 - 0) + -1 + 1.
4
Evaluate 0 + (-5 - -6) + 3.
4
Evaluate -1 - ((3 - 1) + 0 + 2).
-5
What is the value of -6 + (11 - 3) + (-3 - 1)?
-2
Calculate (2 - 1 - 0) + 3 + 0.
4
-5 + -2 + 4 - -1
-2
Evaluate (2 + -1 - 1) + (-5 - 0).
-5
Evaluate -2 + (6 - (-5 - (2 + -12))).
-1
What is the value of (-8 - (-1 + -1)) + -3 + 8?
-1
Evaluate -5 - 0 - -4 - 3.
-4
What is the value of (4 - 7 - -1) + 3?
1
Evaluate 7 + -7 + 1 + -1.
0
Calculate 7 - (6 - 3 - (1 + 3)).
8
What is the value of (-12 + 9 - -14) + -9?
2
Calculate (-1 - -1) + (-4 - -8) + 1.
5
1 + 6 + -8 - -2
1
What is the value of 6 + -7 + (5 - 3) + -7?
-6
Evaluate -2 + 6 + -7 + 2.
-1
What is the value of 6 - 9 - -6 - (-1 + 12)?
-8
Calculate -15 - (-7 + 1 - 1) - -3.
-5
What is the value of 6 + 2 + -5 - 6?
-3
What is (2 - 0) + 1 - 6?
-3
What is the value of 6 - 12 - -8 - -3?
5
-9 + (-1 - -4 - 0)
-6
Calculate -14 - -16 - (0 + 5 - -1).
-4
Evaluate (2 - (-8 + 0)) + (-6 - -3).
7
What is the value of (8 - 0 - 4) + -8?
-4
Evaluate -1 - (-1 - (-5 + 3 + -1)).
-3
-2 + -1 - (9 - 9) - -4
1
-39 - -30 - (-9 + -2)
2
What is the value of -13 - (1 + -6 - (5 + -2))?
-5
Evaluate (-4 - -6) + (5 - 3) + 1.
5
What is 2 + -1 + -5 + (2 - -6)?
4
Calculate (-1 - -1) + (-6 - -11).
5
What is 1 - -3 - (-174 - -182)?
-4
6 + (-3 - -1) + -41 + 41
4
6 + (5 - (6 - -6))
-1
Evaluate 1 + -1 + -8 - -9.
1
Evaluate -3 - (-3 - (-3 - (1 + -1))).
-3
What is the value of 2 - ((-1 - 2) + 0)?
5
(-3 - -2) + (-6 - (-5 + -1))
-1
Evaluate -1 + 0 + (2 - 10 - -6).
-3
Evaluate 4 - 0 - 7 - -5.
2
What is -8 + 1 + 6 + -4?
-5
Evaluate -8 + 5 - (-10 + 3).
4
-2 - (-2 + (4 - 3))
-1
What is the value of -4 + 3 - (-8 - (-2 + -2))?
3
-7 - -10 - (0 + 0)
3
What is 2 + (3 - (-2 + 2 - -2))?
3
What is -6 + (9 - 11) + 11?
3
What is 5 + -1 + 1 + -11?
-6
-5 + (-1 - (-8 - -3))
-1
-4 - (-4 + -3 + 14 - 9)
-2
-40 + 42 - ((-2 - -1) + 3)
0
-4 + -4 + 7 + 3 + -2
0
What is the value of -7 - 1 - -7 - 6?
-7
Evaluate -26 + 29 + 9 + -2 + -1.
9
-3 - -6 - (0 - 0 - -1)
2
Calculate 2 - 10 - ((7 - 4) + -5).
-6
What is the value of (8 - 11 - -13) + -18?
-8
Evaluate (7 + -5 - 14) + 7.
-5
What is the value of -4 + (4 - 1 - -1)?
0
-2 + (0 - 7) + 6 + 9
6
-22 - -9 - (-28 - -19)
-4
Calculate 4 - ((0 - 0) + 3) - 0.
1
What is -1 + 1 + -43 + 40?
-3
What is the value of (-3 - -6 - -2) + -7?
-2
What is the value of -10 - (-1 - (0 - -4))?
-5
Evaluate (-4 - 0) + 13 + -13 - -4.
0
Evaluate (16 - 14) + (2 - (3 + 0)).
1
What is (3 - 0) + -1 + -7?
-5
(2 - 0) + -3 + 1 + 2
2
(12 - 15) + 2 + 1
0
What is 6 - (0 + 6 - 1)?
1
4 - (0 + -1 + -11 + 15)
1
1 + -3 - (0 + 2) - 1
-5
Calculate 0 + 9 - (-30 - -45).
-6
Calculate 0 - (-3 + -4 + 7).
0
What is (12 - 5 - 10) + 4?
1
Calculate 0 + (0 - (5 + 2)).
-7
Calculate (-7 - 0) + 11 + -4.
0
Calculate (-17 - -5) + 6 + -6 + 4.
-8
What is the value of 0 + 6 + (-8 - -8)?
6
Evaluate 4 - 0 - -4 - 7.
1
What is the value of (2 + -4 - 1) + 5?
2
Evaluate (5 + (3 - 1) - -3) + -5.
5
-1 - (-7 + (2 - 1 - -3))
2
What is (-3 - -6) + -16 + 17?
4
9 - 4 - 3 - (-1 - -1)
2
Evaluate 11 + 0 - (-94 + 102).
3
Evaluate (6 - 2) + 6 + -6 + 2.
6
What is 7 + -7 + -9 - -11?
2
What is -2 - (-5 + 3) - (13 + -8)?
-5
-2 + 1 - (-4 + (7 - 5))
1
What is 3 - (-1 + 6 + -3)?
1
What is the value of (23 - 20) + 2 + (-1 - 0)?
4
-2 - (3 + 2 - 4)
-3
Evaluate (6 - 12) + (3 - -2).
-1
What is -4 + (5 - 4) + (8 - 5)?
0
What is the value of (-1 + 8 - 4) + -7?
-4
Calculate 4 + (-11 - -5) + 11.
9
What is -4 + (-4 - 0 - -12) - 2?
2
Calculate (4 + -4 - -2) + 4 - -1.
7
Calculate -11 + 14 + 5 - (1 - -3).
4
3 + -4 + 6 + -6
-1
Calculate 5 - 0 - (5 - 12 - -8).
4
What is 4 + (-3 - 11) + 5?
-5
Evaluate -6 + -2 + (5 - 0).
-3
Evaluate (-12 + -1 - -6) + 5.
-2
What is (8 - 11) + (-1 - -4)?
0
Evaluate 3 - 0 - 2 - -3.
4
Evaluate (9 - (2 + 4)) + (2 - 0).
5
Evaluate (-54 - -50) + 6 + 0.
2
-1 + (1 - 8) - -2
-6
Calculate 16 - 23 - (-3 - 2 - -2).
-4
1 + 2 - 10 - -2
-5
Evaluate 2 + -1 - (27 + -22).
-4
What is -15 + (6 - -4) - (-3 + 1)?
-3
What is the value of -1 - (0 - (4 - 5))?
-2
Calculate (-2 + (-1 - 1) - -8) + -1.
3
What is -6 - (5 + (-15 - -3))?
1
What is the value of (2 - -2) + -6 + 3?
1
Evaluate (12 - 6 - 7) + -1.
-2
What is (4 - (6 + -10)) + 0?
8
Calculate 9 + (-4 - 3) - 2.
0
What is -8 - -10 - (1 - 2)?
3
Evaluate (4 - -7) + -5 - 2.
4
(10 - (-5 + 10)) + -6
-1
What is the value of 12 + 0 + -7 - 2?
3
Evaluate -2 + 2 - (-4 - -4) - -5.
5
Calculate -5 + (6 - 1) + 0 + -1.
-1
Evaluate (1 - -11) + (-10 - -2).
4
Calculate -1 - -6 - (5 - (-1 + 2)).
1
6 + -3 + (-16 - -6)
-7
-2 - (-3 - -3) - 2
-4
What is the value of -3 - (1 - -3 - (2 + 7))?
2
What is (-2 - (-6 - -1)) + -7 + -1?
-5
Calculate -2 - (1 - 0 - 6).
3
What is 0 + (1 - 9) + 11?
3
What is (12 - (0 + 6)) + -4 + 5?
7
Calculate (36 - 24 - (7 - 1)) + -2.
4
What is the value of (0 - 0 - 2) + 0?
-2
Calculate (12 + -2 - 14) + -2.
-6
What is the value of -6 + -1 + 1 + -185 + 186?
-5
-7 + -1 + 4 + 3 + -1
-2
Calculate -2 + 12 + (1 - (2 - -3)).
6
Calculate -2 + 2 + 1 + -3.
-2
What is the value of -8 + -4 + 10 - -5?
3
Calculate (-2 - (0 - -2)) + (1 - -3).
0
What is 4 + 6 + (-1 - 6)?
3
-1 + -1 + (-5 - -3) + 2
-2
Calculate 68 - 55 - (9 - 1).
5
Calculate (-5 - -16) + (-3 - 0).
8
5 + -1 + 1 + -4
1
(36 - 34) + 0 + 0 + 1
3
Evaluate (-2 - -9) + (1 - 3) + 0.
5
What is -2 - -1 - (2 + 8 + -7)?
-4
What is (-2 - (3 - -2)) + 2?
-5
What is -3 + 2 - (-1 + 5 + -1)?
-4
What is 2 + 0 + (8 - 2 - 12)?
-4
-3 + 5 + -7 + 2 + 3
0
Evaluate 7 - (-6 + (-2 - -6 - -1)).
8
Evaluate 1 - ((2 - 0) + (-6 - -1)).
4
What is (23 - 19) + 3 + -2?
5
What is the value of 5 - ((0 + 1 - -1) + 4)?
-1
Calculate (-19 - -10) + (13 - 6).
-2
Calculate (-1 - 19 - -20) + (-2 - -1).
-1
Evaluate (-2 - -4 - 0) + -4.
-2
What is the value of 7 - ((-4 - (-17 + 2)) + -1)?
-3
What is the value of (-3 + 6 + 0 - -2) + -11?
-6
What is the value of (-3 - ((-5 - -3) + 1)) + -3?
-5
(0 - -3) + (2 + -4 - 2)
-1
What is 2 - (8 + -7 - 3)?
4
What is (-14 - -13) + (-4 - -1)?
-4
-47 - -48 - (-1 + (-2 - 2))
6
(13 - (-10 - -25)) + -9
-11
What is (2 - (-1 + 1)) + -5?
-3
Calculate 1 + (-1 + 10 - 6).
4
What is the value of (-22 - -14) + 2 + -5?
-11
Calculate -3 - (-5 - (-7 - -4)).
-1
What is (-1 - (4 + 2)) + 10?
3
0 - (-1 + -7 + 4)
4
What is the value of 1 + -4 + -3 + 12?
6
What is -14 - -2 - (-19 - -10)?
-3
Calculate -1 - -2 - (1 + -1 + 3).
-2
Evaluate 0 + (-6 - -3 - -2).
-1
Calculate -5 + 13 + -6 + 0.
2
What is the value of -2 + 2 + (4 - 6) - -7?
5
Evaluate -6 + (2 - -9 - (21 + -16)).
0
6 - 